te the highest common divisor of 2 and x.
2
Let f be ((-342)/(-76))/((-2)/4). Let h be (-10 - f)/(3/(-48)). Calculate the highest common factor of h and 512.
16
Let a(l) = -100 - 9*l + 297 - 91 - 101. Let w = 6 - 8. Let t be a(w). Calculate the greatest common divisor of 115 and t.
23
Suppose -q + 5 + 6 = 0. Suppose 467 = 16*w - 13*w + b, -b = -4*w + 611. What is the highest common divisor of q and w?
11
Suppose 231552 = -9*m - 12*m + 48*m. Calculate the greatest common divisor of 67 and m.
67
Let u = 7716 + -4319. Calculate the greatest common divisor of 79 and u.
79
Let h = 11 - 5. Let w be h/4*(10 + 8). Let z be -2 + (-2 - 8)/(-2). What is the highest common factor of z and w?
3
Suppose -135*n + 62351 = -28*n + 719. What is the greatest common factor of n and 264?
24
Let k be (2/4)/(1/(-10)). Let i be (-1 - -44)/(k/5). Let m = -40 - i. What is the greatest common divisor of m and 21?
3
Suppose -6421 - 5459 = -3*m. Suppose -3*f = 19*f - m. Calculate the highest common factor of 36 and f.
36
Let f(d) = -14*d - 130. Let p be f(-10). Let t = p + -4. Calculate the highest common divisor of 258 and t.
6
Suppose -3*i + 360 = -2*i - 3*y, -3*y - 1050 = -3*i. Suppose -2*x - 9 = -1, x + i = u. What is the greatest common divisor of u and 31?
31
Let a(k) = 123*k**2 - 2*k + k**3 - 244*k**2 + 9 + 119*k**2. Let f be a(0). Calculate the highest common divisor of 207 and f.
9
Suppose 7083 + 3937 = 58*h. What is the greatest common factor of 171 and h?
19
Suppose -4*r - 34*r - 38*r = -12236. What is the greatest common divisor of r and 69?
23
Let i(s) = -s**3 + 39*s**2 + 45*s - 186. Let g be i(40). What is the highest common divisor of g and 572?
2
Let q(b) = -b**3 - 56*b**2 + 54*b + 129. Let s be q(-57). Calculate the highest common divisor of 500 and s.
100
Let c = 44 - 39. Suppose 0 = -c*y + 9*y - 168. Suppose 4*g - 24 = -2*w, 0*w - 18 = -2*w - 2*g. What is the highest common factor of w and y?
6
Let c(t) = -48*t - 1391. Let d be c(-32). Calculate the greatest common divisor of d and 5.
5
Let r be (595 + 22 - -15) + (1 - 12). Calculate the highest common factor of r and 1053.
27
Let p = 1921 - 335. What is the highest common factor of 26 and p?
26
Suppose -38*d + 36*d = -42. Let j(n) = 13*n**2 + 7*n - 12. Let g be j(-4). What is the greatest common divisor of d and g?
21
Suppose 7*s - 116 = -32. Suppose 0*h - 2*h - 1918 = -5*z, 1923 = 5*z + 3*h. What is the greatest common divisor of s and z?
12
Suppose 0 = 6*y - 6 - 24. Suppose 2*m - 5*k = 50, y*k = m - 11 - 9. What is the highest common factor of m and 870?
30
Let z(f) = -22*f - 6. Let w be z(-3). Let b(q) = q**2 - 11*q + 30. Suppose -8*v = -110 + 38. Let p be b(v). What is the greatest common factor of p and w?
12
Suppose -17*i + 1147 + 4803 = 0. Let x(c) = 2*c**3 - 3*c**2 - 3*c - 6. Let f be x(6). Suppose -f = -5*d - d. What is the greatest common divisor of d and i?
50
Suppose 6*n = 11*n - 1690. Suppose 5538 = 607*s - 394*s. What is the greatest common divisor of n and s?
26
Let k be (10/(-6))/(1/(-3)). Suppose 0 = k*z + 3*s - 271, -s = -0 + 3. Suppose -3*p = 4*p - z. Calculate the highest common factor of p and 24.
8
Let p(z) = z**2 - 13*z - 120. Let i be p(21). Calculate the greatest common factor of 732 and i.
12
Suppose -22*c + 27*c = 30, 3*x - 3*c - 10641 = 0. What is the highest common factor of x and 2057?
187
Suppose 6*u - 53*u = -5*u - 95004. What is the greatest common factor of 195 and u?
39
Suppose 0 = -w + 46 + 24. Suppose -15*z = -8*z - w. What is the highest common divisor of 710 and z?
10
Suppose -2*b + 5140 = 2*n + 2106, 6058 = 4*b + 2*n. Calculate the highest common divisor of 154 and b.
14
Let z = 5961 + -5664. Calculate the highest common divisor of 108 and z.
27
Let k = 953 + -951. Let q be (-11)/((-605)/44) - k/(-10). Calculate the highest common factor of 107 and q.
1
Let b(g) = g**2 - 23*g + 126. Let z be b(18). What is the highest common divisor of 288 and z?
36
Let j be 459/6 - (-1)/(-2). Let h = 20 - 20. Let p(u) = -u**2 - 12*u + 190. Let c be p(h). Calculate the highest common divisor of c and j.
38
Let b be 3824/22 - 242/(-1331). What is the highest common divisor of 150 and b?
6
Suppose -83*o = -68*o - 399 - 351. What is the greatest common divisor of o and 56?
2
Suppose 4*a - h - 306 = 0, 93 = 3*a - 4*h - 130. Let t be a/22 - 6/(-4). Calculate the greatest common divisor of 5 and t.
5
Suppose -3*y = 2*c - 11, 2*y + 13 = -y + 4*c. Let a be y/(4/(-6)) + 3/6. Let v be (a*2)/(1/(-18)). Calculate the greatest common factor of 54 and v.
18
Let a = -3336 + 3352. Calculate the greatest common divisor of 68 and a.
4
Let n = 161 + -281. Let q = 561 - n. Let g = -385 + q. What is the highest common factor of 37 and g?
37
Suppose -b - 94 + 474 = b. Calculate the highest common factor of 2147 and b.
19
Let t = -434 - -486. Let s = 91 + t. What is the greatest common divisor of s and 11?
11
Let v(d) = d**2 + 14. Let j be v(0). Suppose -11*u + 6*u = -15. Suppose y - 3*a + 252 = 3*y, 0 = -u*a. Calculate the highest common factor of j and y.
14
Suppose -19*b - 54 = -5*o - 15*b, o - 13 = 3*b. Let d be -78*(2 + (-65)/o). Calculate the highest common factor of 26 and d.
13
Suppose 0 = -8*u + 29471 + 9337. What is the highest common divisor of 396 and u?
99
Let f be (-6 - 3 - -10)*29. What is the greatest common divisor of 8613 and f?
29
Suppose 23*m = -5*i + 20*m + 2847, 0 = 5*m + 5. Calculate the greatest common divisor of i and 33.
3
Let b = -325 - -328. Let p be 19 + (b + 5 - 6). Calculate the highest common divisor of p and 168.
21
Let q(l) = -138*l - 871. Let g be q(-7). What is the highest common divisor of g and 2033?
19
Let y(p) = -p - 16. Let l be y(-4). Let u be (-3 - l/2)/(-1) - -15. What is the greatest common factor of 12 and u?
12
Let t be ((-11)/9 - -1) + (-3927)/(-297). Let m be 78 - 0/(11 + -4 - 8). What is the greatest common factor of m and t?
13
Let i be (-512)/(-6) - (-1)/(-3). Let l be (4/5)/(4/2680). Let w be l/16 - 2/(-4). Calculate the greatest common factor of i and w.
17
Let j be ((-1)/(-8))/(5/40) - -3. Suppose j*p - 90 = -42. What is the greatest common divisor of 372 and p?
12
Let d(a) = 2*a**2 - 11*a - 79. Let h be d(-9). Suppose -3*t + 2*q = -h, -2*t + 72*q + 153 = 77*q. Calculate the highest common divisor of 80 and t.
16
Suppose 18 = -132*a + 5298. Suppose -3*u + 1076 = -g, 1420 = 4*u - g - 4*g. What is the greatest common divisor of u and a?
40
Let n be -150*12*10/(-300). Calculate the greatest common factor of n and 924.
12
Let c = 20598 + -20358. What is the greatest common divisor of c and 4260?
60
Suppose 13 - 2 = -2*x - 3*g, -4*x - 2*g = 2. Suppose -120 + 2 = x*k. Let d = -37 - k. What is the highest common divisor of 220 and d?
22
Suppose 0 = -w - 1558 + 1960. Calculate the greatest common divisor of w and 6.
6
Suppose 7 = -2*s + 1. Let d be (-438)/(-8) - -4*s/16. Suppose -r + 0*r = -36. Calculate the greatest common factor of r and d.
18
Let d be 952/(-49) + (1 - (-55)/(-35)). Let a(b) = 0*b - 4*b - 13 + 3. Let g be a(d). Calculate the greatest common factor of g and 28.
14
Let l(y) = y + 16. Let z be (-76)/(-20) + -4 + 29/(-5). Let w be l(z). Suppose 9*x - w = 4*x. Calculate the greatest common factor of 22 and x.
2
Let h = -768 + 535. Let o = -79 - h. Calculate the greatest common factor of 22 and o.
22
Suppose -6*d - 3960 = -16*d. What is the highest common factor of 540 and d?
36
Let m = -5427 + 7547. What is the greatest common divisor of 1325 and m?
265
Let t = 12 - -112. Let u = t - 115. What is the greatest common factor of 18 and u?
9
Suppose -110*p + 36192 + 5058 = 0. Calculate the greatest common divisor of 285 and p.
15
Let z = 34802 + -34732. Suppose 3*o - 626 = -d + 7*o, 4*o + 3146 = 5*d. Calculate the greatest common factor of d and z.
70
Suppose -31722 = -2*h + 4*g, -19*g + 23*g - 79333 = -5*h. What is the greatest common divisor of h and 95?
95
Let a be (750/(-40))/(7/(-252)). Calculate the highest common divisor of 500 and a.
25
Let a be (4 + 0)*(150195/60)/17. What is the highest common factor of 247 and a?
19
Suppose -1022 = -65*s + 19204 + 5449. Calculate the highest common divisor of 20 and s.
5
Suppose 0 = 1683*i - 1726*i + 817. Calculate the highest common divisor of 12179 and i.
19
Suppose -8*s + 6*s + 4 = 0, 3*r = -s 